site?
True
Is 2529307 composite?
True
Is 1813133 a composite number?
True
Is 72983503 composite?
True
Is 668153 a composite number?
False
Is 18867647 a prime number?
True
Is 35961526 a prime number?
False
Is 520935479 prime?
True
Is 39653737 a composite number?
False
Is 3297421 composite?
False
Is 4851463 prime?
True
Is 2968123 a composite number?
True
Is 1905511 composite?
True
Is 196419389 composite?
True
Is 20119013 a prime number?
True
Is 290784289 composite?
False
Is 463157 a composite number?
False
Is 12660629 a prime number?
True
Is 1389989 a prime number?
True
Is 6344853 prime?
False
Is 491930239 composite?
False
Is 110238099 a composite number?
True
Is 76653107 a composite number?
False
Is 113693201 composite?
False
Is 126650369 prime?
False
Is 529097 composite?
False
Is 1991911 a prime number?
True
Is 6979447 a composite number?
True
Is 7188037 a prime number?
True
Is 17377 a prime number?
True
Is 146819767 a prime number?
True
Is 17805661 prime?
True
Is 4665043 composite?
True
Is 2840599399 a prime number?
False
Is 5849711 a prime number?
False
Is 4335839 a composite number?
True
Is 41424661 a composite number?
True
Is 414370481 composite?
True
Is 3353149 a composite number?
True
Is 5806973 a composite number?
True
Is 1230595 a prime number?
False
Is 52234231 a composite number?
True
Is 34896689 composite?
False
Is 14797381 a prime number?
False
Is 224551 composite?
True
Is 106242517 prime?
True
Is 4707097 composite?
True
Is 67337461 a prime number?
True
Is 342449227 a composite number?
False
Is 121243601 a prime number?
False
Is 132369881 a prime number?
False
Is 11962459 a prime number?
True
Is 71172469 a composite number?
True
Is 714075751 a composite number?
False
Is 2222023 prime?
True
Is 2225371 composite?
False
Is 90832337 a composite number?
True
Is 65239117 composite?
False
Is 753 a composite number?
True
Is 9307757 prime?
False
Is 77623202 a prime number?
False
Is 3783145 a composite number?
True
Is 77380813 prime?
True
Is 59901139 composite?
False
Is 259106233 composite?
False
Is 20112929 a composite number?
False
Is 265703 a composite number?
False
Is 70644941 a composite number?
False
Is 226340549 prime?
True
Is 171672991 composite?
True
Is 9907355 composite?
True
Is 55920413 a composite number?
True
Is 5161799 composite?
False
Is 1139246 a prime number?
False
Is 168863 a composite number?
False
Is 756011 a prime number?
True
Is 3386557 composite?
False
Is 64748459 composite?
False
Is 202155847 prime?
False
Is 191999 prime?
True
Is 15767027 a composite number?
False
Is 133919 prime?
True
Is 58375729 a prime number?
False
Is 8395771 composite?
True
Is 81181843 a prime number?
True
Is 2584739 prime?
True
Is 125434423 prime?
True
Is 34271179 a prime number?
False
Is 1986186737 a prime number?
True
Is 9746291 a prime number?
False
Is 338666063 a prime number?
False
Is 12848299 a composite number?
False
Is 375471631 a composite number?
True
Is 160813 prime?
True
Is 638923 a prime number?
True
Is 11897723 prime?
True
Is 2449903 prime?
False
Is 2760367 a composite number?
True
Is 2467987 prime?
False
Is 28552273 a composite number?
False
Is 126162571 prime?
False
Is 2649434 a prime number?
False
Is 875579 a composite number?
False
Is 226443241 a prime number?
True
Is 47578921 a composite number?
True
Is 27389603 a prime number?
True
Is 2778300317 prime?
False
Is 96000487 a prime number?
False
Is 39135901 a composite number?
True
Is 755737 composite?
False
Is 4332543 prime?
False
Is 51713581 a prime number?
True
Is 72843227 a composite number?
False
Is 1746109 a prime number?
True
Is 7075715 composite?
True
Is 64100417 prime?
True
Is 17245817 composite?
True
Is 2193722 a composite number?
True
Is 7252513 composite?
False
Is 4648907 a prime number?
True
Is 12177301 a composite number?
False
Is 94073323 a composite number?
True
Is 148145567 composite?
False
Is 9120073 a composite number?
False
Is 4406797 prime?
True
Is 16735217 a composite number?
False
Is 3205283 a prime number?
False
Is 11274869 prime?
True
Is 131153303 a prime number?
True
Is 83997913 a prime number?
True
Is 753719 prime?
True
Is 93092171 prime?
False
Is 1282966837 prime?
False
Is 3974713 a composite number?
False
Is 21754013 composite?
False
Is 33628997 prime?
False
Is 5873803 composite?
True
Is 337378189 a prime number?
False
Is 28466941 composite?
True
Is 32501033 composite?
False
Is 16558513 composite?
False
Is 245761 prime?
False
Is 265786 a prime number?
False
Is 13584647 prime?
True
Is 1883194733 a prime number?
False
Is 2041379 composite?
True
Is 42141391 a prime number?
False
Is 211103 composite?
True
Is 578038255 a prime number?
False
Is 103607657 prime?
False
Is 3323159 a prime number?
False
Is 34907151 prime?
False
Is 7087907 prime?
True
Is 2089580933 a prime number?
False
Is 22063759 a prime number?
True
Is 207187 a composite number?
False
Is 27140101 composite?
False
Is 1487867 prime?
True
Is 20023379 composite?
False
Is 10970711 a composite number?
False
Is 509106211 composite?
True
Is 1838471 a prime number?
False
Is 134360753 a composite number?
False
Is 106556423 prime?
True
Is 2725102 composite?
True
Is 158693 a prime number?
False
Is 220747 composite?
False
Is 5582701 composite?
True
Is 69580661 composite?
True
Is 1760221 a prime number?
True
Is 1158953 a prime number?
True
Is 23768047 composite?
False
Is 13296089 prime?
True
Is 5742185 a prime number?
False
Is 2218861 a prime number?
True
Is 2050319 a prime number?
False
Is 4149953 a composite number?
True
Is 118314013 a prime number?
True
Is 1240109 prime?
False
Is 381569 prime?
True
Is 13217 prime?
True
Is 790681 a prime number?
False
Is 5504321 a prime number?
True
Is 322459 prime?
True
Is 4139873 a composite number?
False
Is 627859 prime?
True
Is 13089257 composite?
True
Is 27523689 a prime number?
False
Is 19345693 composite?
True
Is 4297861 a prime number?
True
Is 47688391 a prime number?
True
Is 164614103 a prime number?
True
Is 18502013 a composite number?
False
Is 149003303 a composite number?
False
Is 10101101 composite?
False
Is 11340091 a composite number?
True
Is 717725837 a prime number?
True
Is 1311049327 a composite number?
True
Is 27596605 a prime number?
False
Is 4595783 prime?
False
Is 19291037 a composite number?
True
Is 12570809 prime?
True
Is 2808007 a composite number?
False
Is 6191329 a composite number?
True
Is 1380701 composite?
True
Is 111904723 prime?
False
Is 12003551 prime?
False
Is 361356089 composite?
False
Is 26571887 composite?
True
Is 17876737 composite?
False
Is 21254557 a prime number?
False
Is 288809 a prime number?
False
Is 4415933 composite?
False
Is 288861011 a composite number?
True
Is 445001 composite?
False
Is 21410966 a composite number?
True
Is 12809883 composite?
True
Is 44291237 a composite number?
True
Is 412187 a composite number?
False
Is 2274739 a prime number?
True
Is 13333358 a prime number?
False
Is 82737593 a prime number?
True
Is 5123537 a prime number?
True
Is 23843 a composite number?
True
Is 19879333 composite?
True
Is 2335601 a prime number?
True
Is 18698897 composite?
True
Is 510989 prime?
True
Is 42064118 composite?
True
Is 838751 composite?
False
Is 50119961 prime?
False
Is 31207187 a composite number?
True
Is 20130683 a composite number?
False
Is 14437021 composite?
False
Is 1248097 a composite number?
True
Is 109851551 a prime number?
False
Is 103936047 a composite number?
True
Is 1199797 a composite number?
True
Is 2247746 a prime number?
False
Is 54929801 a prime number?
True
Is 74241922 a prime number?
False
Is 2151497 composite?
False
Is 2022463 a composite number?
True
Is 66378901 prime?
True
Is 1934833 composite?
False
Is 3737449 a composite number?
False
Is 494094457 a prime number?
True
Is 109053242 a composite number?
True
Is 10321513 a composite number?
False
Is 129429859 composite?
True
Is 645419 prime?
True
Is 1510573 composite?
False
Is 21883439 composite?
False
Is 102728167 a prime number?
False
Is 1398401 a composite number?
False
Is 7576633 prime?
False
Is 74327567 prime?
True
Is 113648071 a prime number?
False
Is 774901 a composite number?
False
Is 77765797 prime?
False
Is 64285321 composite?
False
Is 226601 a prime number?
True
Is 73077365 a prime number?
False
Is 1999396021 a composite number?
True
Is